{"id":1534,"date":"2020-04-05T22:49:31","date_gmt":"2020-04-05T22:49:31","guid":{"rendered":"https:\/\/riggo.de\/?page_id=1534"},"modified":"2021-02-21T21:13:26","modified_gmt":"2021-02-21T21:13:26","slug":"riggo-wissen-ist-macht","status":"publish","type":"page","link":"https:\/\/riggo.de\/index.php\/riggo-wissen-ist-macht\/","title":{"rendered":"WISSEN IST ERM\u00c4CHTIGUNG"},"content":{"rendered":"<p><div class=\"fusion-fullwidth fullwidth-box fusion-builder-row-1 nonhundred-percent-fullwidth non-hundred-percent-height-scrolling\" style=\"--awb-border-radius-top-left:0px;--awb-border-radius-top-right:0px;--awb-border-radius-bottom-right:0px;--awb-border-radius-bottom-left:0px;--awb-flex-wrap:wrap;\" ><div class=\"fusion-builder-row fusion-row\"><div class=\"fusion-layout-column fusion_builder_column fusion-builder-column-0 fusion_builder_column_1_1 1_1 fusion-one-full fusion-column-first fusion-column-last\" style=\"--awb-bg-size:cover;\"><div class=\"fusion-column-wrapper fusion-column-has-shadow fusion-flex-column-wrapper-legacy\"><div class=\"fusion-text fusion-text-1\"><p>Wissen = Erm\u00e4chtigung = FREIHEIT bedeutet, Wissen kann zu Macht und Macht\u00fcbernahme f\u00fchren, aber auch dazu f\u00fchren, die Wahrheit ans Licht zu bringen; falsche Wahrheits-Systeme als unwahr zu erkennen, sich deren Einfluss und Steuerung zu entziehen, sich der Matrix, der Programmierung gewahr zu werden und sich ihr schlie\u00dflich zu entm\u00e4chtigen. Es f\u00fchrt dazu <span style=\"background-color: rgba(255, 255, 255, 0); color: var(--body_typography-color); font-family: var(--body_typography-font-family); font-size: var(--body_typography-font-size); font-style: var(--body_typography-font-style,normal); font-weight: var(--body_typography-font-weight); letter-spacing: var(--body_typography-letter-spacing);\">Machtstrukturen von Au\u00dfen, innerhalb des eigenen Denkens, zu entlarven &#8211; es kann zur Verantwortung f\u00fchren,  sich selbst zu erm\u00e4chtigen, ein Diener und Verfechter der Wahrheit zu werden; entgegen weiterhin ein unbewusst-blinder Sklave  &#8222;verf\u00e4lschter und verdrehter Wahrheiten&#8220; zu sein. <\/span><\/p>\n<\/div><div class=\"fusion-clearfix\"><\/div><\/div><\/div><\/div><\/div><div class=\"fusion-fullwidth fullwidth-box fusion-builder-row-2 nonhundred-percent-fullwidth non-hundred-percent-height-scrolling\" style=\"--awb-border-radius-top-left:0px;--awb-border-radius-top-right:0px;--awb-border-radius-bottom-right:0px;--awb-border-radius-bottom-left:0px;--awb-flex-wrap:wrap;\" ><div class=\"fusion-builder-row fusion-row\"><div class=\"fusion-layout-column fusion_builder_column fusion-builder-column-1 fusion_builder_column_1_1 1_1 fusion-one-full fusion-column-first fusion-column-last\" style=\"--awb-padding-top:47px;--awb-padding-right:23px;--awb-padding-bottom:33px;--awb-padding-left:23px;--awb-overflow:hidden;--awb-bg-size:cover;--awb-box-shadow: 4px 0px #dbdbdb;;--awb-border-color:#ad1f5f;--awb-border-top:1px;--awb-border-right:1px;--awb-border-bottom:1px;--awb-border-left:1px;--awb-border-style:dashed;--awb-border-radius:34px 34px 0px 0px;\"><div class=\"fusion-column-wrapper fusion-column-has-shadow fusion-flex-column-wrapper-legacy\"><div class=\"fusion-text fusion-text-2\"><\/div><div class=\"fusion-text fusion-text-3 fusion-animated\" data-animationType=\"slideInLeft\" data-animationDuration=\"0.3\" data-animationOffset=\"top-into-view\"><p><span style=\"color: #993366;\"><b>ALLES IST BEWUSSTSEIN &#8211; in einer bestimmten Frequenz.<\/b><\/span><\/p>\n<p><span style=\"color: #993366;\">REALIT\u00c4T unterscheidet deshalb nicht zwischen WISSENSSCHAFT, SPIRITUALIT\u00c4T, GEDANKEN UND GLAUBENSSYSTEMEN.<\/span><\/p>\n<p><span style=\"color: #993366;\"><b>REALIT\u00c4T IST NUR EIN ABSTRAKTER BEGRIFF<\/b> &#8211; EINE SCHEINWELT &#8211; GESCHAFFEN IM BEWUSSTSEIN DES KOLLEKTIVS ODER DEINER EIGENEN WELT! Sie ist ein Ausdruck, ein Teil der Manifestation, die wahrgenommen werden kann, welche ebenfalls das scheinbare 3D Konzept von &#8222;Raum und Zeit&#8220; ben\u00f6tigt, um f\u00fcr das Menschliche Auge wahrgenommen zu werden, welches einer Fata Morgana gleicht.<\/span><\/p>\n<p><span style=\"color: #993366;\">Menschen verzerren daher die Dinge, es ist wie durch einen Schleier oder Filter betrachtet &#8211; Ihr Wissen gleicht daher der Realit\u00e4t und der Wahrheit, die sie oft und gerne mit Beweisen verwissenschaftlichen. Es ist ein sinnloses Unterfangen, da man Gott nie erfassen kann, man kann ihn nur erfahren.<\/span><\/p>\n<p><span style=\"color: #993366;\"><b>Wissenschaft ist immer etwas<\/b>, was innerhalb eines beschr\u00e4nkten Systems, Wahrheit durch Beweise erfahren kann, wobei sie immer fern von wirklicher und vollkommener Wahrheit existiert. Lasst also ab vom Blendwerk euren Wissenschaften. Eure Wissenschaftler sind ehrsam und arbeiten emsig, aber dienen euch wenig in eurer Entwicklung.<\/span><\/p>\n<p><span style=\"color: #993366;\"><b>Wahrheit.<\/b> Menschen verwechseln ihre eigenen oder durch Systeme geschaffene Realit\u00e4ten immer mit der Wahrheit. Menschen sind endlich, (zumindest braucht Ihr Verstand eine Grenze, um den Gedanken einzufangen, um ein Bild daraus zu formen, was ihr mit eurem Geist erfassen k\u00f6nnt) deswegen macht Unendlichkeit euch Angst. Menschen suchen nach der Wahrheit, im Sinne einer endg\u00fcltigen L\u00f6sung, die zu einem festen Bestandteil ihres Lebens wird .. <b>Wahrheit und das streben danach, wird oft zu einem Fels in der Brandung<\/b>. Menschen brauchen eine Wahrheit, Ihre Wahrheit. Deswegen stehen sie mit ihrer Einstellung und ihrem Leben fest hinter der Wahrhaftigkeit ihres Glaubens. <\/span><\/p>\n<p><span style=\"color: #993366;\">Sobald ihr lernt, wieder und wieder in Liebe loszulassen kommt ihr auch der Wahrheit n\u00e4her und n\u00e4her. Lasst euch gesagt sein, das diese Wahrheit, die Ihr kennt, immer nur Illusion in den Augen eines h\u00f6heren Ausdrucks der Sch\u00f6pfung sein kann, sonst w\u00e4re das Konzept der Sch\u00f6pfung und der unendlichen Liebe Gottes, nichts anderes als ein Blendwerk und das wollt ihr sicher nicht. Lebt eure Wahrheit in dem Bewusstsein, das sie eurem Menschlichen Verstand dient zu begreifen und nicht wie ein Fass \u00fcberzulaufen.  Wahrheit ist euer treuer Begleiter. Strebt danach, denn sie ebnet den Weg, der euch zur\u00fcck bringt in die Dimensionen eurer g\u00f6ttlichen Herkunft und sie erdet euer Sein. Respektiert, liebt und ehrt vor allem die Wahrheiten eurer Mitmenschen, den ihr befindet euch auf dem selben Weg der Hoffnung und Liebe. Wo Liebe ist, kann Wahrheit auch neben anderen Wahrheiten bestehen! Wisst das Wahrheit au\u00dferhalb von Raum und Zeit Bestand hat, weswegen jede Wahrheit ungeachtet der anderen Existenz und Berechtigung hat und interdimensional nebeneinander bestehen kann.<\/span><\/p>\n<p><span style=\"color: #993366;\">Sei achtsam, z\u00f6gere und zweifle niemals daran deine Wahrheit loszulassen, wenn du erkennst das eine h\u00f6here Wahrheit ihren rechtm\u00e4\u00dfigen Platz beansprucht, sonst trittst und bleibst du auf der Stelle. Evolution ist lebendige Ver\u00e4nderung im bewussten Sein.<\/span><\/p>\n<blockquote>\n<p><span style=\"color: #993366;\">Pr\u00fcfe mit deiner eigenen Intuition, was dir dient, was deine Wahrheit ist &#8211; Sie ist alles was f\u00fcr dich Bestand haben kann, weil sie sich mit deinem Bewusstseinszustand deckt, weil sie immer in Resonanz mit dir schwingt!<\/span><\/p>\n<\/blockquote>\n<\/div><div class=\"fusion-clearfix\"><\/div><\/div><\/div><\/div><\/div><div class=\"fusion-fullwidth fullwidth-box fusion-builder-row-3 nonhundred-percent-fullwidth non-hundred-percent-height-scrolling\" style=\"--awb-border-radius-top-left:0px;--awb-border-radius-top-right:0px;--awb-border-radius-bottom-right:0px;--awb-border-radius-bottom-left:0px;--awb-flex-wrap:wrap;\" ><div class=\"fusion-builder-row fusion-row\"><div class=\"fusion-layout-column fusion_builder_column fusion-builder-column-2 fusion_builder_column_1_1 1_1 fusion-one-full fusion-column-first fusion-column-last\" style=\"--awb-padding-top:12px;--awb-padding-bottom:10px;--awb-bg-color:#f4f4f4;--awb-bg-color-hover:#f4f4f4;--awb-bg-size:cover;\"><div class=\"fusion-column-wrapper fusion-column-has-shadow fusion-flex-column-wrapper-legacy\"><div class=\"fusion-text fusion-text-4\"><p style=\"text-align: center;\">WISSEN kann so wertvoll sein, es ist wie Meditation, indem du dich fokussierst, indem du lernst zu erfahren, zu Verbinden, was zusammen geh\u00f6rt!<\/p>\n<p style=\"text-align: center;\">Jedoch hat es KEINEN BESTAND F\u00dcR DEIN SEIN.<\/p>\n<p style=\"text-align: center;\">VIELE SUCHEN IM WISSEN DIE WAHRHEIT &#8211; JEDOCH FINDEN SIE DIE WAHRHEIT DABEI IN IHREM HERZEN.<\/p>\n<p style=\"text-align: center;\"><span style=\"color: var(--body_typography-color); font-family: var(--body_typography-font-family); font-size: var(--body_typography-font-size); font-style: var(--body_typography-font-style,normal); font-weight: var(--body_typography-font-weight); letter-spacing: var(--body_typography-letter-spacing);\">WISSEN HAT NICHTS MIT INTELLIGENZ ZU TUN &#8211; WISSEN HAT ETWAS MIT INTELLEKT ZU TUN! <\/span><\/p>\n<p style=\"text-align: center;\">WISSEN KANN DIR DIENEN. ES IST EIN TOLLES WERKZEUG ZU DEM ZU WERDEN, WAS DU BIST.<span style=\"color: var(--body_typography-color); font-family: var(--body_typography-font-family); font-size: var(--body_typography-font-size); font-style: var(--body_typography-font-style,normal); font-weight: var(--body_typography-font-weight); letter-spacing: var(--body_typography-letter-spacing);\"><br \/>\n<\/span><\/p>\n<p style=\"text-align: center;\">SO F\u00dcHRT WISSEN OFT ZUM WEG DER ERLEUCHTUNG..<\/p>\n<p style=\"text-align: center;\">DICH SELBST ZU ERKENNEN, ZU F\u00dcHLEN UND ZU ERFAHREN, WAS UND WER DU WIRKLICH BIST.<\/p>\n<\/div><div class=\"fusion-clearfix\"><\/div><\/div><\/div><\/div><\/div><div class=\"fusion-fullwidth fullwidth-box fusion-builder-row-4 nonhundred-percent-fullwidth non-hundred-percent-height-scrolling\" style=\"--awb-border-radius-top-left:0px;--awb-border-radius-top-right:0px;--awb-border-radius-bottom-right:0px;--awb-border-radius-bottom-left:0px;--awb-flex-wrap:wrap;\" ><div class=\"fusion-builder-row fusion-row\"><div class=\"fusion-layout-column fusion_builder_column fusion-builder-column-3 fusion_builder_column_1_3 1_3 fusion-one-third fusion-column-first\" style=\"--awb-bg-size:cover;width:33.333333333333%;width:calc(33.333333333333% - ( ( 4% ) * 0.33333333333333 ) );margin-right: 4%;\"><div class=\"fusion-column-wrapper fusion-column-has-shadow fusion-flex-column-wrapper-legacy\"><div class=\"fusion-clearfix\"><\/div><\/div><\/div><div class=\"fusion-layout-column fusion_builder_column fusion-builder-column-4 fusion_builder_column_2_3 2_3 fusion-two-third fusion-column-last\" style=\"--awb-bg-size:cover;width:66.666666666667%;width:calc(66.666666666667% - ( ( 4% ) * 0.66666666666667 ) );\"><div class=\"fusion-column-wrapper fusion-column-has-shadow fusion-flex-column-wrapper-legacy\"><div class=\"fusion-clearfix\"><\/div><\/div><\/div><\/div><\/div><\/p>\n","protected":false},"excerpt":{"rendered":"","protected":false},"author":1,"featured_media":0,"parent":0,"menu_order":0,"comment_status":"closed","ping_status":"closed","template":"","meta":{"_price":"","_stock":"","_tribe_ticket_header":"","_tribe_default_ticket_provider":"","_ticket_start_date":"","_ticket_end_date":"","_tribe_ticket_show_description":"","_tribe_ticket_show_not_going":false,"_tribe_ticket_use_global_stock":"","_tribe_ticket_global_stock_level":"","_global_stock_mode":"","_global_stock_cap":"","_tribe_rsvp_for_event":"","_tribe_ticket_going_count":"","_tribe_ticket_not_going_count":"","_tribe_tickets_list":"[]","_tribe_ticket_has_attendee_info_fields":false,"footnotes":"","_tec_slr_enabled":"","_tec_slr_layout":""},"class_list":["post-1534","page","type-page","status-publish","hentry"],"jetpack_sharing_enabled":true,"ticketed":false,"_links":{"self":[{"href":"https:\/\/riggo.de\/index.php\/wp-json\/wp\/v2\/pages\/1534","targetHints":{"allow":["GET"]}}],"collection":[{"href":"https:\/\/riggo.de\/index.php\/wp-json\/wp\/v2\/pages"}],"about":[{"href":"https:\/\/riggo.de\/index.php\/wp-json\/wp\/v2\/types\/page"}],"author":[{"embeddable":true,"href":"https:\/\/riggo.de\/index.php\/wp-json\/wp\/v2\/users\/1"}],"replies":[{"embeddable":true,"href":"https:\/\/riggo.de\/index.php\/wp-json\/wp\/v2\/comments?post=1534"}],"version-history":[{"count":25,"href":"https:\/\/riggo.de\/index.php\/wp-json\/wp\/v2\/pages\/1534\/revisions"}],"predecessor-version":[{"id":1761,"href":"https:\/\/riggo.de\/index.php\/wp-json\/wp\/v2\/pages\/1534\/revisions\/1761"}],"wp:attachment":[{"href":"https:\/\/riggo.de\/index.php\/wp-json\/wp\/v2\/media?parent=1534"}],"curies":[{"name":"wp","href":"https:\/\/api.w.org\/{rel}","templated":true}]}}